5757?
3, 620743973
List the prime factors of 363989000.
2, 5, 363989
List the prime factors of 3893067714.
2, 3, 4051, 160169
List the prime factors of 78125077.
6907, 11311
List the prime factors of 181686823.
181686823
What are the prime factors of 69259024?
2, 419, 10331
List the prime factors of 180665863.
7, 977, 26417
List the prime factors of 490273118.
2, 631, 388489
What are the prime factors of 16571706?
2, 3, 109, 25339
List the prime factors of 713489571.
3, 113, 233, 3011
List the prime factors of 3090835392.
2, 3, 109, 147689
What are the prime factors of 541831540?
2, 5, 4507, 6011
List the prime factors of 69678324.
2, 3, 1935509
What are the prime factors of 348197821?
61, 5708161
List the prime factors of 37854111.
3, 41, 241, 1277
List the prime factors of 18191356.
2, 4547839
What are the prime factors of 3167399150?
2, 5, 631, 100393
List the prime factors of 3053457718.
2, 1526728859
List the prime factors of 740748194.
2, 7529, 49193
List the prime factors of 270168243.
3, 127, 131, 5413
List the prime factors of 95220844.
2, 23805211
List the prime factors of 98287868.
2, 7, 607, 5783
What are the prime factors of 28880204?
2, 109, 66239
List the prime factors of 1918558726.
2, 7, 293, 467713
What are the prime factors of 748231228?
2, 71, 97, 157, 173
What are the prime factors of 3625641007?
3625641007
List the prime factors of 12414430.
2, 5, 7, 67, 2647
What are the prime factors of 583656032?
2, 18239251
List the prime factors of 11921411.
73, 163307
What are the prime factors of 881451597?
3, 13, 2557, 8839
List the prime factors of 181891500.
2, 3, 5, 7, 17, 1019
What are the prime factors of 1461313701?
3, 162368189
List the prime factors of 240104036.
2, 41, 1464049
What are the prime factors of 91929725?
5, 31, 118619
List the prime factors of 634806861.
3, 13, 251, 64849
List the prime factors of 34477273.
47, 733559
List the prime factors of 29816314.
2, 11, 283, 4789
List the prime factors of 33600002.
2, 73, 230137
What are the prime factors of 311571883?
7, 47, 947027
List the prime factors of 70889986.
2, 35444993
What are the prime factors of 1869869936?
2, 11, 10624261
List the prime factors of 48429960.
2, 3, 5, 191, 2113
List the prime factors of 5127393.
3, 1709131
What are the prime factors of 3919718859?
3, 7, 41, 4552519
List the prime factors of 565534715.
5, 19, 149, 39953
List the prime factors of 531624570.
2, 3, 5, 71, 249589
What are the prime factors of 644275386?
2, 3, 35793077
List the prime factors of 39733227.
3, 31, 37, 1283
What are the prime factors of 921292276?
2, 230323069
List the prime factors of 540980148.
2, 3, 23, 457, 4289
What are the prime factors of 1941694423?
17, 317, 360307
What are the prime factors of 715765382?
2, 17, 23, 915301
What are the prime factors of 59082832?
2, 107, 34511
List the prime factors of 733380646.
2, 17, 21570019
List the prime factors of 20858294.
2, 1237, 8431
List the prime factors of 843600496.
2, 461, 114371
What are the prime factors of 704854550?
2, 5, 23, 691, 887
What are the prime factors of 18977901?
3, 6325967
What are the prime factors of 80952757?
80952757
List the prime factors of 228137277.
3, 31, 2453089
List the prime factors of 365308443.
3, 61, 653, 1019
List the prime factors of 8740972.
2, 53, 41231
What are the prime factors of 24336776?
2, 1531, 1987
List the prime factors of 2650538553.
3, 13, 67962527
List the prime factors of 345599500.
2, 5, 691199
List the prime factors of 3913230399.
3, 13, 2791, 35951
List the prime factors of 26855653.
11, 29, 2903
What are the prime factors of 4117384820?
2, 5, 41, 5021201
What are the prime factors of 2107464875?
5, 281, 59999
List the prime factors of 971362806.
2, 3, 161893801
What are the prime factors of 74065146?
2, 3, 12344191
What are the prime factors of 561769762?
2, 7559, 37159
List the prime factors of 103472738.
2, 51736369
List the prime factors of 15563260.
2, 5, 778163
List the prime factors of 5959464.
2, 3, 7, 19, 1867
What are the prime factors of 389467015?
5, 7, 11127629
List the prime factors of 12584063.
17, 367, 2017
What are the prime factors of 218280963?
3, 107, 680003
What are the prime factors of 38624595?
3, 5, 17, 167, 907
What are the prime factors of 75346939?
107, 704177
List the prime factors of 62628733.
7331, 8543
List the prime factors of 172781911.
23, 1087, 6911
List the prime factors of 154521165.
3, 5, 571, 18041
What are the prime factors of 972244632?
2, 3, 47, 227, 3797
List the prime factors of 845630002.
2, 7, 41, 43, 34261
What are the prime factors of 5025761517?
3, 7, 53, 199, 22691
What are the prime factors of 414982737?
3, 13, 1182287
What are the prime factors of 97759592?
2, 7, 1745707
List the prime factors of 83212129.
7, 11, 13, 97, 857
What are the prime factors of 2282132?
2, 47, 61, 199
List the prime factors of 404483622.
2, 3, 67413937
List the prime factors of 274575923.
274575923
What are the prime factors of 1456724404?
2, 29, 12557969
What are the prime factors of 57678263?
17, 421, 8059
List the prime factors of 132311576.
2, 16538947
What are the prime factors of 31356741?
3, 13, 229, 3511
List the prime factors of 1956849982.
2, 23, 47, 905111
List the prime factors of 12714160.
2, 5, 158927
What are the prime factors of 19028380?
2, 5, 7, 199, 683
What are the prime factors of 109914880?
2, 5, 43, 1997
What are the prime factors of 613457860?
2, 5, 30672893
What are the prime factors of 206788407?
3, 7, 9847067
List the prime factors of 26804261.
11, 241, 10111
What are the prime factors of 69782883?
3, 23260961
What are the prime factors of 2629270260?
2, 3, 5, 43, 113233
What are the prime factors of 579391051?
191, 719, 4219
List the prime factors of 112582032.
2, 3, 2345459
List the prime factors of 6214253945.
5, 419, 2966231
List the prime factors of 1758819594.
2, 3, 7, 41876657
What are the prime factors of 200561665?
5, 17, 138797
What are the prime factors of 74534966?
2, 11, 41, 82633
List the prime factors of 1211423657.
1907, 635251
What are the prime factors of 108454460?
2, 5, 401, 13523
What are the prime factors of 450750863?
1123, 401381
List the prime factors of 50698838.
2, 25349419
List the prime factors of 32674415.
5, 6534883
List the prime factors of 487654297.
13, 37511869
What are the prime factors of 1897309954?
2, 6091, 155747
What are the prime factors of 71708861?
7, 10244123
What are the prime factors of 4035766542?
2, 3, 672627757
List the prime factors of 19563963.
3, 6521321
List the prime factors of 5980345.
5, 7, 17, 19, 23
What are the prime factors of 90943888?
2, 7, 137, 5927
List the prime factors of 169069029.
3, 17, 3315079
What are the prime factors of 2138609083?
13, 433, 379927
What are the prime factors of 943330386?
2, 3, 29, 67, 80917
What are the prime factors of 850052129?
850052129
List the prime factors of 41379297.
3, 71, 194269
List the prime factors of 46165602.
2, 3, 7, 1099181
List the prime factors of 17922836.
2, 31, 144539
List the prime factors of 132948996.
2, 3, 197, 56239
What are the prime factors of 61760114?
2, 13, 2375389
List the prime factors of 294856576.
2, 7, 329081
What are the prime factors of 9519949?
17, 32941
List the prime factors of 3937161.
3, 19, 69073
List the prime factors of 4755699547.
4755699547
List the prime factors of 55698242.
2, 59, 472019
List the prime factors of 10459377.
3, 167, 6959
What are the prime factors of 533032653?
3, 177677551
List the prime factors of 187829018.
2, 13, 109, 191, 347
List the prime factors of 24919955.
5, 877, 5683
What are the prime factors of 10958285?
5, 13, 17, 47, 211
List the prime factors of 130594360.
2, 5, 13, 251143
List the prime factors of 89835761.
89835761
What are the prime factors of 417462906?
2, 3, 7, 113, 87961
What are the prime factors of 57064595?
5, 7, 313, 5209
What are the prime factors of 2057797170?
2, 3, 5, 11, 13, 223, 239
List the prime factors of 886907352.
2, 3, 59, 626347
List the prime factors of 1831881748.
2, 457970437
List the prime factors of 55802445.
3, 5, 3720163
What are the prime factors of 2509709844?
2, 3, 83, 251, 10039
What are the prime factors of 38700803?
31, 1248413
What are the prime factors of 854920450?
2, 5, 613, 27893
List the p